133. List the prime factors of (x/(-3))/(42/63).
19
List the prime factors of (-18)/30 + (-12)/15*-11917.
9533
Suppose 4*c = -c + 430. Let a = c - 8. Let d = a - -62. What are the prime factors of d?
2, 5, 7
Let t(u) = 3*u - 4. Let l be (1 - 1)*(6/(-4) + 1). Let a be t(l). List the prime factors of ((-42)/10 - -3)/(a/300).
2, 3, 5
Let t(y) = -y**3 + 1. Suppose -5 = 7*x - 26. Let z be t(x). Let v = 5 - z. What are the prime factors of v?
31
Let a(n) = -n**3 - 21*n**2 + n - 50. Let z be a(-26). Suppose 0 = 4*x - 18*x + z. List the prime factors of x.
2, 59
Suppose -4*l + 3*h + 107 = -0*l, -5*h = 25. List the prime factors of (-1)/((l/210)/(-23)).
2, 3, 5, 7
What are the prime factors of ((-11)/(-33)*-6294)/(4/(-14))?
7, 1049
Let c(d) = -51*d**2 + 4*d + 2. Let f be c(-1). Suppose -4*n + 4*l = 56, n = 4*n + 5*l + 50. Let b = n - f. What are the prime factors of b?
2, 19
List the prime factors of 3430/21*1254/95.
2, 7, 11
What are the prime factors of 1830/(-25)*22*(-11 - 16/4)?
2, 3, 11, 61
Suppose 8*a = -2*a + 50. Suppose -2*f - 12 = -h, 10*h + 4*f + 10 = a*h. List the prime factors of 3 + -4 + h + 3.
2
Let x(g) = 197*g - 1941. List the prime factors of x(66).
3, 1229
Let q(x) be the first derivative of -x**2/2 + 26*x - 46. Let w be q(23). Suppose 0 = -2*g - 5*j - 5, -2*g - w*j + 8 = 7. What are the prime factors of g?
5
Let i(h) = h**2 - 37*h + 304. Let n be i(25). Suppose -n*d + 1963 = 3*z, 0 = 2*z + d + 4*d - 1304. List the prime factors of z.
3, 73
Let n(d) = 10*d**2 - 4*d - 5. Let s(a) = -5*a**2 + 2*a. Let m be s(1). Let o be n(m). Let b = -53 + o. What are the prime factors of b?
2, 11
Let a(u) = -73*u - 13. Let x(j) = -j**3 - 7*j**2 - 12*j + 5. Let z be x(-4). Let i be -6*(-4)/(-10) - (-2)/z. List the prime factors of a(i).
7, 19
Suppose -x - 2608 = -8*x - 9*x. Let d be 4/(-2) - (-165 - 1). Suppose x*v + 129 = d*v. List the prime factors of v.
3, 43
Suppose -331*j - 38865 = -336*j. What are the prime factors of j?
3, 2591
Let m(i) = i**2 - 3. Suppose -7*d + 24 = -3*d. Let v be m(d). Let f = -12 + v. List the prime factors of f.
3, 7
Let t = 8808 + 7210. List the prime factors of t.
2, 8009
Suppose 475206 + 1565544 = 257*w - 4774633. List the prime factors of w.
23, 1153
Let q be (-1146)/(-6) + 3 + -3. Let g = q - 111. Suppose -4*n = 4 - g. List the prime factors of n.
19
Let r(q) = -10*q + 17. Let t = 21 + -35. Let j be r(t). Suppose -13 = -v + p + 64, p = 2*v - j. List the prime factors of v.
2, 5
Suppose -36 = -x + 3*z, -2*x + 140 = x - z. Suppose 0 = b - 0*b. Suppose b = 9*c + x - 471. List the prime factors of c.
47
Let r = 285 - 277. Let i(q) = q**3 - 2*q**2 - 32*q - 7. List the prime factors of i(r).
11
Let h = -9 + -21. Let o = -4709 - -4755. Let y = o + h. List the prime factors of y.
2
Let f(l) = 3*l + 3. Let p be f(7). Suppose -p*s + 4834 + 3014 = 0. List the prime factors of s.
3, 109
Suppose 0 = 18*d + 3*z - 136221, 3*d - 26*z + 21*z - 22676 = 0. What are the prime factors of d?
7, 23, 47
Suppose -4*a + 7*a = 126. Let j be 1 - 3/2*364/a. What are the prime factors of ((-488)/j)/((-2)/(-6))?
2, 61
Let j(y) be the first derivative of 4*y**3/3 + 3*y**2 + 28*y + 284. What are the prime factors of j(12)?
2, 13
What are the prime factors of (-342)/2*(202 - 244)?
2, 3, 7, 19
Suppose 2*c = -3*c + 30. Let y(r) = r**3 - 7*r**2 + 5*r + 13. Let k be y(c). Suppose 2*o + 800 = k*o + 2*q, 5*o = -q + 795. What are the prime factors of o?
2, 79
What are the prime factors of 12055*-1*(-296)/185?
2, 2411
Let g be -1949*1/2 + 7/(-14). Let r = -419 - g. List the prime factors of r.
2, 139
Let n(g) = -g**2 - 3*g + 15. Let d(j) = j + 1. Let b(f) = -5*d(f) + n(f). Let u be b(-9). List the prime factors of -5*(-1 - u)*726/110.
2, 3, 11
Let o = -6498 + 14266. What are the prime factors of o?
2, 971
Suppose 12 = -y + 3*y. Suppose y*c + 156 = 19*c. Suppose 4*l + 5*n - 119 = 0, -2*l - 5*n - c = -69. What are the prime factors of l?
31
Let p be ((-1)/1)/(1/5). Suppose -424 = -11*j + 19*j. Let y = p - j. List the prime factors of y.
2, 3
Let u be (20/(-8))/((-25)/20). Let n be (-4 - (-1 - 9))*1/u. Let z = 66 - n. What are the prime factors of z?
3, 7
Suppose 755 - 289 = 25*n - 584. What are the prime factors of n?
2, 3, 7
Let v = -38 - -87. Let z = v - 47. Suppose 5*h = 4*u - 332, 12 = -5*h + z*h. List the prime factors of u.
2, 3, 13
Suppose -5*i + 391 - 77 = -3*b, 2*i = 2*b + 124. Suppose 68*z - 1664 = i*z. List the prime factors of z.
2, 13
Suppose 255 + 545 = -32*k. What are the prime factors of k/(4725/18) - 65776/(-42)?
2, 3, 29
Let r(q) = q**2 + 25*q + 11. Let m(p) = -5*p**2 - 101*p - 43. Let n(z) = 2*m(z) + 9*r(z). Let b = 527 + -517. List the prime factors of n(b).
11, 13
Suppose 12 + 38 = 5*m - 5*v, -3*v + 20 = 2*m. Suppose 0 = -15*u + m*u + 50. What are the prime factors of (35/u)/(-7)*-58?
29
Let x(t) = 13*t - 5. Let c be x(1). Suppose -c*y + 269 = -923. What are the prime factors of y?
149
Suppose 190939 = 86*w - 379809 + 75990. List the prime factors of w.
11, 523
Let k(b) = 2*b**2 + b. Let p(t) = -71*t**2 + 15*t + 63. Let a(f) = -k(f) - p(f). What are the prime factors of a(-4)?
5, 13, 17
Let x be (-674)/(-13) + 20/130. Suppose 0 = -x*m + 53*m + 3. Let n(h) = 10*h**2 + 3*h + 8. What are the prime factors of n(m)?
89
Let b(i) = 13*i**3 + i**2 + 4*i - 16. Let w be b(5). Suppose -11*z + 6*z = 3*q - w, 3*z + 4*q - 999 = 0. List the prime factors of z.
7, 47
Let g = -554 - -551. Let v(o) = -14*o**3 - 3*o**2 + 8*o + 12. What are the prime factors of v(g)?
3, 113
Suppose -r - 3*t = 3, 3*r - 2*t + 1 = 3. Suppose r = -0*m - 5*m + 325. Suppose 3*x = -n + 539 - m, 0 = -5*x - n + 790. What are the prime factors of x?
2, 79
Let v = 6256 - 1764. List the prime factors of v.
2, 1123
Suppose 502*k = 501*k + 21096. List the prime factors of k.
2, 3, 293
Suppose -2*m + 2 + 5 = -3*b, 4*m - 3*b = -1. Let o = -18 - m. Let w(f) = -f**3 - 15*f**2 - 19*f - 31. List the prime factors of w(o).
3, 13
Let i(l) = -4*l + 18. Let t be i(-6). Let j = 73 - t. Suppose 26*x = j*x - 195. What are the prime factors of x?
3, 13
Let d = 27243 + -19357. List the prime factors of d.
2, 3943
Let q be (-22)/4 - (230/(-20))/(-23). List the prime factors of (-5094)/12*q/9.
283
Suppose 12 = -73*w + 67*w. What are the prime factors of 270/(-20)*w/3?
3
Let q(d) = -d**3 - 9*d**2 + 14*d - 14. Let m be q(-9). Let s = 190 + m. What are the prime factors of s?
2, 5
Let r = 55 + -46. Suppose -3*h + 1434 = -4*t, 0 = -2*h + r*t - 6*t + 957. List the prime factors of h.
2, 3, 79
Suppose -50 - 38 = -8*k. Let w = k - 9. Suppose 3*g - 651 = -3*i, -w*i + 6*g = 4*g - 426. What are the prime factors of i?
5, 43
Let y(r) = r + 10. Let s be y(-17). Let q be 5/s - 2/7. What are the prime factors of 80 + q - (2 - 2)?
79
Suppose g - 16180 + 4409 = -3*k, -23577 = -2*g - k. What are the prime factors of g?
2, 11, 67
Let p = 39 + -34. Suppose 42*f - p = 41*f. Suppose -3*z + 207 = 4*m - m, -2*m + f*z + 152 = 0. List the prime factors of m.
71
Let w(p) = 4*p - 30*p - 5*p - 6 + 0. Let l be w(-2). List the prime factors of (-8 + 0)*l/(-16).
2, 7
Suppose -8*k + 3*k = -110. Suppose -5*h + 3*f = -k, -4 = 2*h + 4*f - 2*f. Suppose -b + 18 = h*z - 45, 2*z - 2*b - 66 = 0. List the prime factors of z.
2
Let o(d) = -1520*d + 9. What are the prime factors of o(-1)?
11, 139
Suppose 23*d - 146 = 314. Suppose -21*q = -d*q - 234. What are the prime factors of q?
2, 3, 13
Let d = 3211 - -4574. List the prime factors of d.
3, 5, 173
Suppose 32 = 19*l - 9335. Let j = 126 + l. List the prime factors of j.
619
Let j = 1442 + -996. Suppose -j*f + 445*f + 613 = 0. List the prime factors of f.
613
Suppose 2*h = 5*x - 4*x - 12802, -4*x + 4*h = -51228. List the prime factors of x.
2, 3203
Let h(z) = 253*z - 168. List the prime factors of h(9).
3, 19, 37
Let j(l) = -l**2 - 14*l + 4. Suppose 0 + 32 = -8*c. Let q be j(c). Suppose -41*d - 384 = -q*d. List the prime factors of d.
2
Let y be 1*((-9)/((-18)/20) + -1). Suppose -11 = -4*p + y, -4*l - 23 = p. What are the prime factors of l/((-21)/20 + 1)?
2, 5, 7
Let c = 44368 - 13536. List the prime factors of c.
2, 41, 47
Suppose 2*o - n - 32051 = 0, -36*o - 32079 = -38*o + 5*n. List the prime factors of o.
2, 8011
Suppose 5*g - 3*j = -2*j - 1885, -2*g + 4*j - 754 = 0. Let u = g + 1389. List 